{"id":33,"date":"2022-04-01T11:35:18","date_gmt":"2022-04-01T14:35:18","guid":{"rendered":"https:\/\/sbmicrobiologia.org.br\/8simc2022\/?page_id=33"},"modified":"2022-04-01T13:56:49","modified_gmt":"2022-04-01T16:56:49","slug":"apresentacao","status":"publish","type":"page","link":"https:\/\/sbmicrobiologia.org.br\/8simc2022\/apresentacao\/","title":{"rendered":"Apresenta\u00e7\u00e3o"},"content":{"rendered":"\t\t<div data-elementor-type=\"wp-page\" data-elementor-id=\"33\" class=\"elementor elementor-33\">\n\t\t\t\t\t\t\t\t\t<section class=\"elementor-section elementor-top-section elementor-element elementor-element-bebbd63 elementor-section-boxed elementor-section-height-default elementor-section-height-default\" data-id=\"bebbd63\" data-element_type=\"section\">\n\t\t\t\t\t\t<div class=\"elementor-container elementor-column-gap-default\">\n\t\t\t\t\t<div class=\"elementor-column elementor-col-50 elementor-top-column elementor-element elementor-element-3d7f113\" data-id=\"3d7f113\" data-element_type=\"column\">\n\t\t\t<div class=\"elementor-widget-wrap elementor-element-populated\">\n\t\t\t\t\t\t\t\t<div class=\"elementor-element elementor-element-3ed2843 elementor-widget elementor-widget-heading\" data-id=\"3ed2843\" data-element_type=\"widget\" data-widget_type=\"heading.default\">\n\t\t\t\t<div class=\"elementor-widget-container\">\n\t\t\t<style>\/*! elementor - v3.6.1 - 23-03-2022 *\/\n.elementor-heading-title{padding:0;margin:0;line-height:1}.elementor-widget-heading .elementor-heading-title[class*=elementor-size-]>a{color:inherit;font-size:inherit;line-height:inherit}.elementor-widget-heading .elementor-heading-title.elementor-size-small{font-size:15px}.elementor-widget-heading .elementor-heading-title.elementor-size-medium{font-size:19px}.elementor-widget-heading .elementor-heading-title.elementor-size-large{font-size:29px}.elementor-widget-heading .elementor-heading-title.elementor-size-xl{font-size:39px}.elementor-widget-heading .elementor-heading-title.elementor-size-xxl{font-size:59px}<\/style><h2 class=\"elementor-heading-title elementor-size-default\">Apresenta\u00e7\u00e3o<\/h2>\t\t<\/div>\n\t\t\t\t<\/div>\n\t\t\t\t<div class=\"elementor-element elementor-element-ed61a1d elementor-widget elementor-widget-heading\" data-id=\"ed61a1d\" data-element_type=\"widget\" data-widget_type=\"heading.default\">\n\t\t\t\t<div class=\"elementor-widget-container\">\n\t\t\t<h2 class=\"elementor-heading-title elementor-size-default\">Prezados amigos Microbiologistas<\/h2>\t\t<\/div>\n\t\t\t\t<\/div>\n\t\t\t\t<div class=\"elementor-element elementor-element-d2d9240 elementor-widget elementor-widget-image\" data-id=\"d2d9240\" data-element_type=\"widget\" data-widget_type=\"image.default\">\n\t\t\t\t<div class=\"elementor-widget-container\">\n\t\t\t<style>\/*! elementor - v3.6.1 - 23-03-2022 *\/\n.elementor-widget-image{text-align:center}.elementor-widget-image a{display:inline-block}.elementor-widget-image a img[src$=\".svg\"]{width:48px}.elementor-widget-image img{vertical-align:middle;display:inline-block}<\/style>\t\t\t\t\t\t\t\t\t\t\t\t<img loading=\"lazy\" decoding=\"async\" width=\"79\" height=\"6\" src=\"https:\/\/sbmicrobiologia.org.br\/8simc2022\/wp-content\/uploads\/2022\/04\/divisor.png\" class=\"attachment-large size-large\" alt=\"\" \/>\t\t\t\t\t\t\t\t\t\t\t\t\t\t\t<\/div>\n\t\t\t\t<\/div>\n\t\t\t\t<section class=\"elementor-section elementor-inner-section elementor-element elementor-element-11992e5 elementor-section-boxed elementor-section-height-default elementor-section-height-default\" data-id=\"11992e5\" data-element_type=\"section\">\n\t\t\t\t\t\t<div class=\"elementor-container elementor-column-gap-default\">\n\t\t\t\t\t<div class=\"elementor-column elementor-col-100 elementor-inner-column elementor-element elementor-element-b7adace\" data-id=\"b7adace\" data-element_type=\"column\">\n\t\t\t<div class=\"elementor-widget-wrap elementor-element-populated\">\n\t\t\t\t\t\t\t\t<div class=\"elementor-element elementor-element-56b8f7e elementor-widget elementor-widget-heading\" data-id=\"56b8f7e\" data-element_type=\"widget\" data-widget_type=\"heading.default\">\n\t\t\t\t<div class=\"elementor-widget-container\">\n\t\t\t<p class=\"elementor-heading-title elementor-size-default\"><span style=\"color:#40CDB8 !important;\">N\u00e3o haver\u00e1<\/span> tradu\u00e7\u00e3o simult\u00e2nea para as palestras proferidas em Ingl\u00eas ou Espanhol<\/p>\t\t<\/div>\n\t\t\t\t<\/div>\n\t\t\t\t\t<\/div>\n\t\t<\/div>\n\t\t\t\t\t\t\t<\/div>\n\t\t<\/section>\n\t\t\t\t<div class=\"elementor-element elementor-element-13f071e elementor-align-left elementor-widget elementor-widget-button\" data-id=\"13f071e\" data-element_type=\"widget\" data-widget_type=\"button.default\">\n\t\t\t\t<div class=\"elementor-widget-container\">\n\t\t\t\t\t<div class=\"elementor-button-wrapper\">\n\t\t\t<a href=\"https:\/\/sbmicrobiologia.org.br\/8simc2022\/programacao\/\" class=\"elementor-button-link elementor-button elementor-size-sm\" role=\"button\">\n\t\t\t\t\t\t<span class=\"elementor-button-content-wrapper\">\n\t\t\t\t\t\t\t<span class=\"elementor-button-icon elementor-align-icon-right\">\n\t\t\t\t<i aria-hidden=\"true\" class=\"far fa-calendar-alt\"><\/i>\t\t\t<\/span>\n\t\t\t\t\t\t<span class=\"elementor-button-text\">CONFIRA A PROGRAMA\u00c7\u00c3O<\/span>\n\t\t<\/span>\n\t\t\t\t\t<\/a>\n\t\t<\/div>\n\t\t\t\t<\/div>\n\t\t\t\t<\/div>\n\t\t\t\t\t<\/div>\n\t\t<\/div>\n\t\t\t\t<div class=\"elementor-column elementor-col-50 elementor-top-column elementor-element elementor-element-35c3658\" data-id=\"35c3658\" data-element_type=\"column\">\n\t\t\t<div class=\"elementor-widget-wrap elementor-element-populated\">\n\t\t\t\t\t\t\t\t<div class=\"elementor-element elementor-element-2dd0ac4 elementor-widget elementor-widget-text-editor\" data-id=\"2dd0ac4\" data-element_type=\"widget\" data-widget_type=\"text-editor.default\">\n\t\t\t\t<div class=\"elementor-widget-container\">\n\t\t\t<style>\/*! elementor - v3.6.1 - 23-03-2022 *\/\n.elementor-widget-text-editor.elementor-drop-cap-view-stacked .elementor-drop-cap{background-color:#818a91;color:#fff}.elementor-widget-text-editor.elementor-drop-cap-view-framed .elementor-drop-cap{color:#818a91;border:3px solid;background-color:transparent}.elementor-widget-text-editor:not(.elementor-drop-cap-view-default) .elementor-drop-cap{margin-top:8px}.elementor-widget-text-editor:not(.elementor-drop-cap-view-default) .elementor-drop-cap-letter{width:1em;height:1em}.elementor-widget-text-editor .elementor-drop-cap{float:left;text-align:center;line-height:1;font-size:50px}.elementor-widget-text-editor .elementor-drop-cap-letter{display:inline-block}<\/style>\t\t\t\t<p>\u00c9 com enorme satisfa\u00e7\u00e3o que convidamos voc\u00ea para o 8\u00ba SIMP\u00d3SIO INTERNACIONAL MICROBIOLOGIA CL\u00cdNICA (SIMC-2022), organizado pela Sociedade Brasileira de Microbiologia (SBM), que ser\u00e1 realizado de forma presencial, no per\u00edodo de 24 a 25 de setembro de 2022, na cidade de S\u00e3o Paulo, SP.<\/p><p>Estamos elaborando um evento de cient\u00edfico de alto n\u00edvel tendo como tema central &#8220;Os Desafios dos Laborat\u00f3rios de Microbiologia Cl\u00ednica na Era p\u00f3s Covid&#8221;. O evento abordar\u00e1 tem\u00e1ticas relevantes para o profissional microbiologista, como hemoculturas, uroculturas, infec\u00e7\u00f5es respirat\u00f3rias, stewardship, detec\u00e7\u00e3o de carbapenemases, sistemas de vigil\u00e2ncia e infec\u00e7\u00f5es f\u00fangicas emergentes.<\/p><p>Entre os palestrantes convidados teremos alguns dos mais not\u00e1veis especialistas nacionais e internacionais, para compartilhar com voc\u00ea conhecimento e novidades em diversos temas da microbiologia cl\u00ednica. Voc\u00ea \u00e9 nosso convidado especial, venha interagir e trocar experi\u00eancias com profissionais da \u00e1rea da microbiologia cl\u00ednica de diversas regi\u00f5es do pa\u00eds.<\/p><p class=\"p1\"><span class=\"s1\">Cordialmente,<br \/><b>Comiss\u00e3o Organizadora<\/b><\/span><\/p>\t\t\t\t\t\t<\/div>\n\t\t\t\t<\/div>\n\t\t\t\t\t<\/div>\n\t\t<\/div>\n\t\t\t\t\t\t\t<\/div>\n\t\t<\/section>\n\t\t\t\t\t\t\t<\/div>\n\t\t","protected":false},"excerpt":{"rendered":"<p>Apresenta\u00e7\u00e3o Prezados amigos Microbiologistas N\u00e3o haver\u00e1 tradu\u00e7\u00e3o simult\u00e2nea para as palestras proferidas em Ingl\u00eas ou Espanhol CONFIRA A PROGRAMA\u00c7\u00c3O \u00c9 com enorme satisfa\u00e7\u00e3o que convidamos voc\u00ea para o 8\u00ba SIMP\u00d3SIO INTERNACIONAL MICROBIOLOGIA CL\u00cdNICA (SIMC-2022), organizado pela Sociedade Brasileira de Microbiologia (SBM), que ser\u00e1 realizado de forma presencial, no per\u00edodo de 24 a 25 de setembro [&hellip;]<\/p>\n","protected":false},"author":1,"featured_media":0,"parent":0,"menu_order":0,"comment_status":"closed","ping_status":"closed","template":"elementor_theme","meta":{"footnotes":""},"class_list":["post-33","page","type-page","status-publish","hentry"],"_links":{"self":[{"href":"https:\/\/sbmicrobiologia.org.br\/8simc2022\/wp-json\/wp\/v2\/pages\/33","targetHints":{"allow":["GET"]}}],"collection":[{"href":"https:\/\/sbmicrobiologia.org.br\/8simc2022\/wp-json\/wp\/v2\/pages"}],"about":[{"href":"https:\/\/sbmicrobiologia.org.br\/8simc2022\/wp-json\/wp\/v2\/types\/page"}],"author":[{"embeddable":true,"href":"https:\/\/sbmicrobiologia.org.br\/8simc2022\/wp-json\/wp\/v2\/users\/1"}],"replies":[{"embeddable":true,"href":"https:\/\/sbmicrobiologia.org.br\/8simc2022\/wp-json\/wp\/v2\/comments?post=33"}],"version-history":[{"count":13,"href":"https:\/\/sbmicrobiologia.org.br\/8simc2022\/wp-json\/wp\/v2\/pages\/33\/revisions"}],"predecessor-version":[{"id":182,"href":"https:\/\/sbmicrobiologia.org.br\/8simc2022\/wp-json\/wp\/v2\/pages\/33\/revisions\/182"}],"wp:attachment":[{"href":"https:\/\/sbmicrobiologia.org.br\/8simc2022\/wp-json\/wp\/v2\/media?parent=33"}],"curies":[{"name":"wp","href":"https:\/\/api.w.org\/{rel}","templated":true}]}}