{"id":492,"date":"2025-05-13T17:26:58","date_gmt":"2025-05-13T20:26:58","guid":{"rendered":"https:\/\/sbmicrobiologia.org.br\/33cbm2025\/?page_id=492"},"modified":"2025-10-24T15:30:46","modified_gmt":"2025-10-24T18:30:46","slug":"area-patogenicidade-bacteriana","status":"publish","type":"page","link":"https:\/\/sbmicrobiologia.org.br\/33cbm2025\/area-patogenicidade-bacteriana\/","title":{"rendered":"A\u0301rea Patogenicidade Bacteriana"},"content":{"rendered":"<p>&nbsp;<\/p>\n<table dir=\"ltr\" border=\"1\" cellspacing=\"0\" cellpadding=\"0\" data-sheets-root=\"1\" data-sheets-baot=\"1\">\n<colgroup>\n<col width=\"60\" \/>\n<col width=\"83\" \/>\n<col width=\"242\" \/>\n<col width=\"71\" \/>\n<col width=\"537\" \/>\n<col width=\"186\" \/><\/colgroup>\n<tbody>\n<tr>\n<td>Local<\/td>\n<td>Data\/Hora<\/td>\n<td>T\u00edtulo da Atividade<\/td>\n<td>Atividade<\/td>\n<td>T\u00edtulo da Apresenta\u00e7\u00e3o<\/td>\n<td>Palestrantes<\/td>\n<\/tr>\n<tr>\n<td colspan=\"1\" rowspan=\"9\">\n<div>SALA 4<\/div>\n<\/td>\n<td colspan=\"1\" rowspan=\"3\">\n<div>25\/10\/2025 \u00e0s 13:00<\/div>\n<\/td>\n<td colspan=\"1\" rowspan=\"4\">\n<div>Novas perspectivas associadas a intera\u00e7\u00e3o pat\u00f3geno-hospedeiro<\/div>\n<\/td>\n<td colspan=\"1\" rowspan=\"3\">\n<div>Mesa Redonda<\/div>\n<\/td>\n<td>1) Intera\u00e7\u00e3o\u00a0Leptospira-hospedeiro: fun\u00e7\u00f5es do dom\u00ednio\u00a0SPOR\u00a0(Sporulation-related repeat) da prote\u00edna\u00a0MPL36\u00a0envolvida na intera\u00e7\u00e3o com plasminog\u00eanio<\/td>\n<td>Angela Silva Barbosa<\/td>\n<\/tr>\n<tr>\n<td>2) Evaluating the pulmonary pathogenic potential of extraintestinal pathogenic Escherichia coli strains<\/td>\n<td>T\u00e2nia Aparecida Tardelli Gomes<\/td>\n<\/tr>\n<tr>\n<td>3) Escherichia coli\u00a0enteroagregativa al\u00e9m do s\u00edtio intestinal<\/td>\n<td>Waldir Pereira Elias<\/td>\n<\/tr>\n<tr>\n<td><\/td>\n<td><\/td>\n<td>4) Biofilme em estafilococos de origem animal<\/td>\n<td>Bruno de Araujo Penna<\/td>\n<\/tr>\n<tr>\n<td>25\/10\/2025 \u00e0s 15:00<\/td>\n<td><\/td>\n<td>Palestra<\/td>\n<td>The highs and lows of pathogen-microbiota-host interactions<\/td>\n<td>Vanessa Sperandio<\/td>\n<\/tr>\n<tr>\n<td colspan=\"1\" rowspan=\"3\">\n<div>25\/10\/2025 \u00e0s 16:30<\/div>\n<\/td>\n<td colspan=\"1\" rowspan=\"3\">\n<div>Identifica\u00e7\u00e3o de estruturas de superf\u00edcie envolvidas na patogenicidade bacteriana<\/div>\n<\/td>\n<td colspan=\"1\" rowspan=\"3\">\n<div>Mesa Redonda<\/div>\n<\/td>\n<td>1) Papel do lip\u00eddio com ornitina na fisiologia e patogenicidade de\u00a0V\u00edbrio\u00a0cholerae<\/td>\n<td>Livia Carvalho Barbosa<\/td>\n<\/tr>\n<tr>\n<td>2)\u00a0Criomicroscopia eletr\u00f4nica aplicada ao estudo de estruturas de superf\u00edcie bacterianas<\/td>\n<td>Gabriel Guarany de Araujo<\/td>\n<\/tr>\n<tr>\n<td>3) O papel do glicolip\u00eddio fen\u00f3lico\u00a0PGL1\u00a0na patog\u00eanese do\u00a0Mycobacterium leprae<\/td>\n<td>Thabata Landrezo Rosa<\/td>\n<\/tr>\n<tr>\n<td>25\/10\/2025 \u00e0s 18:00<\/td>\n<td><\/td>\n<td>Palestra<\/td>\n<td>Getting a handle on\u00a0E. coli\u2019s\u00a0capsular polysaccharides.<\/td>\n<td>Tim Keys<\/td>\n<\/tr>\n<tr>\n<td><\/td>\n<td><\/td>\n<td><\/td>\n<td><\/td>\n<td><\/td>\n<td><\/td>\n<\/tr>\n<tr>\n<td colspan=\"1\" rowspan=\"9\">\n<div>SALA 3<\/div>\n<\/td>\n<td colspan=\"1\" rowspan=\"3\">\n<div>26\/10\/2025 \u00e0s 13:00<\/div>\n<\/td>\n<td colspan=\"1\" rowspan=\"4\">\n<div>Epidemiologia e patogenicidade de bact\u00e9rias de import\u00e2ncia m\u00e9dica<\/div>\n<\/td>\n<td colspan=\"1\" rowspan=\"3\">\n<div>Mesa redonda<\/div>\n<\/td>\n<td>1)\u00a0Vigil\u00e2ncia gen\u00f4mica de esp\u00e9cies de Streptococcus\u00a0visando aplica\u00e7\u00e3o em estrat\u00e9gias de controle e preven\u00e7\u00e3o das doen\u00e7as estreptoc\u00f3cicas de grande impacto em sa\u00fade p\u00fablica<\/td>\n<td>Laura Maria Andrade de Oliveira<\/td>\n<\/tr>\n<tr>\n<td>2) A epidemiologia de Clostridioides difficile no Rio de Janeiro: um pat\u00f3geno negligenciado em nosso pa\u00eds<\/td>\n<td>Eliane de Oliveira Ferreira<\/td>\n<\/tr>\n<tr>\n<td>3) Sorovares Emergentes da Salmonella no Brasil: a Arquitetura Gen\u00f4mica da Patogenicidade e<br \/>\nResist\u00eancia Antimicrobiana<\/td>\n<td>Pedro Panzenhagen<\/td>\n<\/tr>\n<tr>\n<td><\/td>\n<td><\/td>\n<td>4) Campylobacter in Brazil: Insights into Epidemiology and Pathogenicity<\/td>\n<td>Juliana Pfrimer Falc\u00e3o<\/td>\n<\/tr>\n<tr>\n<td>26\/10\/2025 \u00e0s 15:00<\/td>\n<td><\/td>\n<td>Palestra<\/td>\n<td>To kill or not to kill, that is the question: Fratricide avoidance by a bactericidal type IV secretion system<\/td>\n<td>Shaker Chuck Farah<\/td>\n<\/tr>\n<tr>\n<td colspan=\"1\" rowspan=\"3\">\n<div>26\/10\/2025 \u00e0s 16:30<\/div>\n<\/td>\n<td colspan=\"1\" rowspan=\"3\">\n<div>Novas estrat\u00e9gias de controle das infec\u00e7\u00f5es bacterianas<\/div>\n<\/td>\n<td colspan=\"1\" rowspan=\"3\">\n<div>Mesa redonda<\/div>\n<\/td>\n<td>1) Microbiome-derived signaling molecules as determinants of pathogen behavior<\/td>\n<td>Luis Caetano Martha Antunes<\/td>\n<\/tr>\n<tr>\n<td>2) Salmonella enterica: Uma bacte\u0301ria de \u201cmuitas faces\u201d.<\/td>\n<td>Marcelo Brocchi<\/td>\n<\/tr>\n<tr>\n<td>3) Prote\u00ednas do nucle\u00f3ide como determinantes da aquisi\u00e7\u00e3o e manuten\u00e7\u00e3o de replicon numa esp\u00e9cie do complexo\u00a0Burkholderia cepacia<\/td>\n<td>Rog\u00e9rio\u00a0Ferreira Louren\u00e7o<\/td>\n<\/tr>\n<tr>\n<td>26\/10\/2025 \u00e0s 18:00<\/td>\n<td><\/td>\n<td>Palestra<\/td>\n<td>Eixo Intestino-C\u00e9rebro: teoria e aplica\u00e7\u00f5es cl\u00ednicas &#8211; highlights das evid\u00eancias cient\u00edficas<\/td>\n<td>Carla Romano Tadei<\/td>\n<\/tr>\n<tr>\n<td><\/td>\n<td>27\/10\/2025 16:30-19h<\/td>\n<td>Apresenta\u00e7\u00e3o Oral &#8211; \u00c1rea Patogenicidade Bacteriana + REUNI\u00c3O DE \u00c1REA<\/td>\n<td>Reuni\u00e3o de \u00c1rea<\/td>\n<td><\/td>\n<td><\/td>\n<\/tr>\n<\/tbody>\n<\/table>\n","protected":false},"excerpt":{"rendered":"<p>&nbsp; Local Data\/Hora T\u00edtulo da Atividade Atividade T\u00edtulo da Apresenta\u00e7\u00e3o Palestrantes SALA 4 25\/10\/2025 \u00e0s 13:00 Novas perspectivas associadas a intera\u00e7\u00e3o pat\u00f3geno-hospedeiro Mesa Redonda 1) Intera\u00e7\u00e3o\u00a0Leptospira-hospedeiro: fun\u00e7\u00f5es do dom\u00ednio\u00a0SPOR\u00a0(Sporulation-related repeat) da prote\u00edna\u00a0MPL36\u00a0envolvida na intera\u00e7\u00e3o com plasminog\u00eanio Angela Silva Barbosa 2) Evaluating the pulmonary pathogenic potential of extraintestinal pathogenic Escherichia coli strains T\u00e2nia Aparecida Tardelli Gomes [&hellip;]<\/p>\n","protected":false},"author":1,"featured_media":0,"parent":0,"menu_order":0,"comment_status":"closed","ping_status":"closed","template":"","meta":[],"_links":{"self":[{"href":"https:\/\/sbmicrobiologia.org.br\/33cbm2025\/wp-json\/wp\/v2\/pages\/492"}],"collection":[{"href":"https:\/\/sbmicrobiologia.org.br\/33cbm2025\/wp-json\/wp\/v2\/pages"}],"about":[{"href":"https:\/\/sbmicrobiologia.org.br\/33cbm2025\/wp-json\/wp\/v2\/types\/page"}],"author":[{"embeddable":true,"href":"https:\/\/sbmicrobiologia.org.br\/33cbm2025\/wp-json\/wp\/v2\/users\/1"}],"replies":[{"embeddable":true,"href":"https:\/\/sbmicrobiologia.org.br\/33cbm2025\/wp-json\/wp\/v2\/comments?post=492"}],"version-history":[{"count":11,"href":"https:\/\/sbmicrobiologia.org.br\/33cbm2025\/wp-json\/wp\/v2\/pages\/492\/revisions"}],"predecessor-version":[{"id":1130,"href":"https:\/\/sbmicrobiologia.org.br\/33cbm2025\/wp-json\/wp\/v2\/pages\/492\/revisions\/1130"}],"wp:attachment":[{"href":"https:\/\/sbmicrobiologia.org.br\/33cbm2025\/wp-json\/wp\/v2\/media?parent=492"}],"curies":[{"name":"wp","href":"https:\/\/api.w.org\/{rel}","templated":true}]}}