{"id":486,"date":"2025-05-13T17:25:34","date_gmt":"2025-05-13T20:25:34","guid":{"rendered":"https:\/\/sbmicrobiologia.org.br\/33cbm2025\/?page_id=486"},"modified":"2025-10-24T14:59:19","modified_gmt":"2025-10-24T17:59:19","slug":"area-micro-clinica","status":"publish","type":"page","link":"https:\/\/sbmicrobiologia.org.br\/33cbm2025\/area-micro-clinica\/","title":{"rendered":"A\u0301rea Micro Cli\u0301nica"},"content":{"rendered":"<table dir=\"ltr\" border=\"1\" cellspacing=\"0\" cellpadding=\"0\" data-sheets-root=\"1\" data-sheets-baot=\"1\">\n<colgroup>\n<col width=\"60\" \/>\n<col width=\"79\" \/>\n<col width=\"205\" \/>\n<col width=\"78\" \/>\n<col width=\"355\" \/>\n<col width=\"197\" \/><\/colgroup>\n<tbody>\n<tr>\n<td>Local<\/td>\n<td>Data\/Hora<\/td>\n<td>T\u00edtulo da Atividade<\/td>\n<td>Atividade<\/td>\n<td>T\u00edtulo da Apresenta\u00e7\u00e3o<\/td>\n<td>Palestrantes<\/td>\n<\/tr>\n<tr>\n<td colspan=\"1\" rowspan=\"9\">\n<div>SALA 5<\/div>\n<\/td>\n<td colspan=\"1\" rowspan=\"4\">\n<div>25\/10\/2025 \u00e0s 13:00<\/div>\n<\/td>\n<td colspan=\"1\" rowspan=\"4\">\n<div>Atualiza\u00e7\u00f5es em Gram-positivos<\/div>\n<\/td>\n<td colspan=\"1\" rowspan=\"4\">\n<div>Mesa Redonda<\/div>\n<\/td>\n<td>1) Streptococcus pneumoniae<\/td>\n<td>Juliana Caier\u00e3o<\/td>\n<\/tr>\n<tr>\n<td>2) Streptococcus agalactiae<\/td>\n<td>Vinicius Pietta Perez<\/td>\n<\/tr>\n<tr>\n<td>3) Enterococcus spp.<\/td>\n<td>Ilana Camargo<\/td>\n<\/tr>\n<tr>\n<td>4) Staphylococcus aureus<\/td>\n<td>Robson Le\u00e3o<\/td>\n<\/tr>\n<tr>\n<td>25\/10\/2025 \u00e0s 15:00<\/td>\n<td><\/td>\n<td>Palestra<\/td>\n<td>Tratamento Fotodin\u00e2mico Antimicrobiano<\/td>\n<td>Gilberto Braga<\/td>\n<\/tr>\n<tr>\n<td colspan=\"1\" rowspan=\"3\">\n<div>25\/10\/2025 \u00e0s 16:30<\/div>\n<\/td>\n<td colspan=\"1\" rowspan=\"3\">\n<div>Atualiza\u00e7\u00f5es em Gram-negativos<\/div>\n<\/td>\n<td colspan=\"1\" rowspan=\"3\">\n<div>Mesa Redonda<\/div>\n<\/td>\n<td>1) Enterobacterales<\/td>\n<td>Thom\u00e1s Chagas Neto<\/td>\n<\/tr>\n<tr>\n<td>2) Pseudomonas e Acinetobacter<\/td>\n<td>Ana Paula Cury<\/td>\n<\/tr>\n<tr>\n<td>3) Burkholderia e Stenotrophomonas<\/td>\n<td>Ana Paula Cury<\/td>\n<\/tr>\n<tr>\n<td>25\/10\/2025 \u00e0s 18:00<\/td>\n<td><\/td>\n<td>Palestra<\/td>\n<td>Vigil\u00e2ncia Gen\u00f4mica em tempo real: Como prevenir e controlar surtos precocemente<\/td>\n<td>Andreza Martins<\/td>\n<\/tr>\n<tr>\n<td><\/td>\n<td><\/td>\n<td><\/td>\n<td><\/td>\n<td><\/td>\n<td><\/td>\n<\/tr>\n<tr>\n<td colspan=\"1\" rowspan=\"13\">\n<div>SALA 5<\/div>\n<\/td>\n<td colspan=\"1\" rowspan=\"5\">\n<div>26\/10\/2025 \u00e0s 13:00<\/div>\n<\/td>\n<td colspan=\"1\" rowspan=\"5\">\n<div>BrCAST: novidades, d\u00favidas frequentes e discuss\u00e3o com a plateia<\/div>\n<\/td>\n<td colspan=\"1\" rowspan=\"5\">\n<div><\/div>\n<\/td>\n<td>Como e quando detectar carbapenemases em Pseudomonas aeruginosa<\/td>\n<td>Mara Scheffer<\/td>\n<\/tr>\n<tr>\n<td>Klebsiella pneumoniae resistente \u00e0 ceftazidima-avibactam: mecanismos e detec\u00e7\u00e3o laboratorial<\/td>\n<td>Leonardo Andrade<\/td>\n<\/tr>\n<tr>\n<td>Streptococcus pneumoniae e fluxograma de interpreta\u00e7\u00e3o do teste de sensibilidade<\/td>\n<td>Andr\u00e9 Doi<\/td>\n<\/tr>\n<tr>\n<td>Bact\u00e9rias que n\u00e3o tem ponto de corte<\/td>\n<td>Andr\u00e9 Doi<\/td>\n<\/tr>\n<tr>\n<td>Evid\u00eancias insuficientes para ter ponto de corte de daptomicina para Enterococcus spp.: Por qu\u00ea? O que fazer?<\/td>\n<td>Ilana Camargo<\/td>\n<\/tr>\n<tr>\n<td>26\/10\/2025 \u00e0s 15:00<\/td>\n<td><\/td>\n<td>Palestra<\/td>\n<td>Alternativas de tratamento de infec\u00e7\u00f5es por bact\u00e9rias multirresistentes<\/td>\n<td>Ana Gales<\/td>\n<\/tr>\n<tr>\n<td colspan=\"1\" rowspan=\"6\">\n<div>26\/10\/2025 \u00e0s 16:30<\/div>\n<\/td>\n<td colspan=\"1\" rowspan=\"6\">\n<div>Apresenta\u00e7\u00e3o oral dos melhores trabalhos das \u00e1reas de &#8220;Microbiologia Cl\u00ednica&#8221; e &#8220;Infec\u00e7\u00e3o Hospitalar&#8221;<\/div>\n<\/td>\n<td colspan=\"1\" rowspan=\"6\">\n<div>Mesa Redonda<\/div>\n<\/td>\n<td>Evaluation of Different Techniques for Antimicrobial Susceptibility Tests of Cefiderocol against Klebsiella pneumoniae Isolated from a Brazilian Teaching Hospital<\/td>\n<td>SILVIO CARDOSO VIEIRA<\/td>\n<\/tr>\n<tr>\n<td>ESBL-producing Escherichia coli isolated from community-dwelling individuals,their pet dogs, and household dust<\/td>\n<td>FERNANDA ZANI MANIERI<\/td>\n<\/tr>\n<tr>\n<td><\/td>\n<td><\/td>\n<\/tr>\n<tr>\n<td>Evaluation of an alternative methodology (TurbiTest) for the rapid determination of ceftazidime-avibactam and aztreonam synergism<\/td>\n<td>NATALIA KEHL MOREIRA<\/td>\n<\/tr>\n<tr>\n<td>Distribui\u00e7\u00e3o dos sorotipos de Streptococcus pneumoniae recuperados de pacientes atendidos em hospitais de Porto Alegre-RS<\/td>\n<td>GABRIELA ROSA DA CUNHA<\/td>\n<\/tr>\n<tr>\n<td>CRISPR elements evaluation of Streptococcus agalactiae in One Health context obtained over 20 years screening<\/td>\n<td>LEANDRO CORREA SIM\u00d5ES<\/td>\n<\/tr>\n<tr>\n<td>26\/10\/2025 \u00e0s 18:00<\/td>\n<td><\/td>\n<td>Palestra<\/td>\n<td>Realidade e Desafios dos Bacilos Gram Negativos Priorit\u00e1rios da OMS no Brasil<\/td>\n<td>Afonso Barth<\/td>\n<\/tr>\n<tr>\n<td><\/td>\n<td>26\/10\/2025 \u00e0s 19:30<\/td>\n<td>Reuni\u00e3o das \u00c1reas de Microbiologia Cl\u00ednica e Infec\u00e7\u00e3o Hospitalar<\/td>\n<td>Reuni\u00e3o<\/td>\n<td>Reuni\u00e3o das \u00c1reas de Microbiologia Cl\u00ednica e Infec\u00e7\u00e3o Hospitalar<\/td>\n<td>Todos os Associados SBM que quiserem participar<\/td>\n<\/tr>\n<tr>\n<td><\/td>\n<td><\/td>\n<td><\/td>\n<td><\/td>\n<td><\/td>\n<td><\/td>\n<\/tr>\n<tr>\n<td colspan=\"1\" rowspan=\"4\">\n<div>SALA ?<\/div>\n<\/td>\n<td colspan=\"1\" rowspan=\"4\">\n<div>26\/10\/2025 \u00e0s 08:00 &#8211; 12:00<\/div>\n<\/td>\n<td colspan=\"1\" rowspan=\"4\">\n<div>&#8220;BrCAST: aprendendo o essencial para ser essencial no laborat\u00f3rio de microbiologia&#8221;<\/div>\n<\/td>\n<td colspan=\"1\" rowspan=\"4\">\n<div>Curso<\/div>\n<\/td>\n<td colspan=\"1\" rowspan=\"4\">\n<div>O que \u00e9 o BrCAST;<br \/>\nInterpretando os documentos do BrCAST;<br \/>\nManuais de leitura de antibiogramas;<br \/>\nFen\u00f3tipos Esperados Sens\u00edveis; Fen\u00f3tipos Esperados Resistentes;<br \/>\nDisco-difus\u00e3o para bact\u00e9rias anaer\u00f3bias selecionadas de crescimento r\u00e1pido;<br \/>\nAtualiza\u00e7\u00f5es das Tabelas de bacilos gram-negativos;<br \/>\nAtualiza\u00e7\u00f5es das Tabelas de cocos gram-positivas (e bases gen\u00e9ticas para compreens\u00e3o da resist\u00eancia);<br \/>\nRAST: Teste r\u00e1pido de sensibilidade aos antimicrobianos diretamente de frascos de hemocultura positivos;<br \/>\nD\u00favidas e Discuss\u00f5es gerais.<\/div>\n<\/td>\n<td>Andr\u00e9 Doi<\/td>\n<\/tr>\n<tr>\n<td>Ilana Camargo<\/td>\n<\/tr>\n<tr>\n<td>Leonardo Andrade<\/td>\n<\/tr>\n<tr>\n<td>Mara Scheffer<\/td>\n<\/tr>\n<tr>\n<td><\/td>\n<td><\/td>\n<td><\/td>\n<td><\/td>\n<td><\/td>\n<td><\/td>\n<\/tr>\n<tr>\n<td colspan=\"1\" rowspan=\"4\">\n<div>SALA ?<\/div>\n<\/td>\n<td colspan=\"1\" rowspan=\"4\">\n<div>27\/10\/2025 \u00e0s 08:00 &#8211; 12:00<\/div>\n<\/td>\n<td colspan=\"1\" rowspan=\"4\">\n<div>&#8220;Mecanismos de Resist\u00eancia Bacteriana&#8221;<\/div>\n<\/td>\n<td colspan=\"1\" rowspan=\"4\">\n<div>Curso<\/div>\n<\/td>\n<td colspan=\"1\" rowspan=\"4\">\n<div>Princ\u00edpios da resist\u00eancia adquirida;<br \/>\nBeta-lact\u00e2micos, betalactamases, MRSA e PNSSP<br \/>\nPolimixinas e resist\u00eancia adquirida<br \/>\nGlicopept\u00eddeos, VRE, VRSA e VISA<br \/>\nMacrol\u00eddeos e lincosamidas, MLSb e outros mecanismos<br \/>\nResist\u00eancia adquirida \u00e0s oxazolidinonas<br \/>\nAminoglicos\u00eddeos, enzimas modificadoras e outros mecanismos;<br \/>\nTetraciclinas e Glicilciclinas, prote\u00ednas de prote\u00e7\u00e3o ribossomal, tetX<br \/>\nQuinolonas e resist\u00eancia adquirida<br \/>\nA resist\u00eancia no laborat\u00f3rio cl\u00ednico, principais testes fenot\u00edpicos e genot\u00edpicos de detec\u00e7\u00e3o dos determinantes de resist\u00eancia de impacto cl\u00ednico.<\/div>\n<\/td>\n<td>Eloiza Helena Campana<\/td>\n<\/tr>\n<tr>\n<td>Krysthian de Oliveira Pinto Ribeiro<\/td>\n<\/tr>\n<tr>\n<td>Raquel Regina Bonelli<\/td>\n<\/tr>\n<tr>\n<td>Vin\u00edcius Pietta Perez<\/td>\n<\/tr>\n<\/tbody>\n<\/table>\n","protected":false},"excerpt":{"rendered":"<p>Local Data\/Hora T\u00edtulo da Atividade Atividade T\u00edtulo da Apresenta\u00e7\u00e3o Palestrantes SALA 5 25\/10\/2025 \u00e0s 13:00 Atualiza\u00e7\u00f5es em Gram-positivos Mesa Redonda 1) Streptococcus pneumoniae Juliana Caier\u00e3o 2) Streptococcus agalactiae Vinicius Pietta Perez 3) Enterococcus spp. Ilana Camargo 4) Staphylococcus aureus Robson Le\u00e3o 25\/10\/2025 \u00e0s 15:00 Palestra Tratamento Fotodin\u00e2mico Antimicrobiano Gilberto Braga 25\/10\/2025 \u00e0s 16:30 Atualiza\u00e7\u00f5es em [&hellip;]<\/p>\n","protected":false},"author":1,"featured_media":0,"parent":0,"menu_order":0,"comment_status":"closed","ping_status":"closed","template":"","meta":[],"_links":{"self":[{"href":"https:\/\/sbmicrobiologia.org.br\/33cbm2025\/wp-json\/wp\/v2\/pages\/486"}],"collection":[{"href":"https:\/\/sbmicrobiologia.org.br\/33cbm2025\/wp-json\/wp\/v2\/pages"}],"about":[{"href":"https:\/\/sbmicrobiologia.org.br\/33cbm2025\/wp-json\/wp\/v2\/types\/page"}],"author":[{"embeddable":true,"href":"https:\/\/sbmicrobiologia.org.br\/33cbm2025\/wp-json\/wp\/v2\/users\/1"}],"replies":[{"embeddable":true,"href":"https:\/\/sbmicrobiologia.org.br\/33cbm2025\/wp-json\/wp\/v2\/comments?post=486"}],"version-history":[{"count":5,"href":"https:\/\/sbmicrobiologia.org.br\/33cbm2025\/wp-json\/wp\/v2\/pages\/486\/revisions"}],"predecessor-version":[{"id":1118,"href":"https:\/\/sbmicrobiologia.org.br\/33cbm2025\/wp-json\/wp\/v2\/pages\/486\/revisions\/1118"}],"wp:attachment":[{"href":"https:\/\/sbmicrobiologia.org.br\/33cbm2025\/wp-json\/wp\/v2\/media?parent=486"}],"curies":[{"name":"wp","href":"https:\/\/api.w.org\/{rel}","templated":true}]}}