{"id":1030,"date":"2025-10-09T16:40:13","date_gmt":"2025-10-09T19:40:13","guid":{"rendered":"https:\/\/sbmicrobiologia.org.br\/33cbm2025\/?page_id=1030"},"modified":"2025-10-20T12:21:31","modified_gmt":"2025-10-20T15:21:31","slug":"fermentacao-alcoolica-microbiologia-industrial-e-biotecnologia","status":"publish","type":"page","link":"https:\/\/sbmicrobiologia.org.br\/33cbm2025\/fermentacao-alcoolica-microbiologia-industrial-e-biotecnologia\/","title":{"rendered":"Fermenta\u00e7\u00e3o Alco\u00f3lica &#8211; Microbiologia Industrial e Biotecnologia"},"content":{"rendered":"<table dir=\"ltr\" border=\"1\" cellspacing=\"0\" cellpadding=\"0\" data-sheets-root=\"1\" data-sheets-baot=\"1\">\n<colgroup>\n<col width=\"52\" \/>\n<col width=\"77\" \/>\n<col width=\"199\" \/>\n<col width=\"71\" \/>\n<col width=\"307\" \/>\n<col width=\"169\" \/><\/colgroup>\n<tbody>\n<tr>\n<td>Local<\/td>\n<td>Data\/Hora<\/td>\n<td>T\u00edtulo da Atividade<\/td>\n<td>Atividade<\/td>\n<td>T\u00edtulo da Apresenta\u00e7\u00e3o<\/td>\n<td>Palestrantes<\/td>\n<\/tr>\n<tr>\n<td colspan=\"1\" rowspan=\"7\">\n<div>SALA 4<\/div>\n<\/td>\n<td colspan=\"1\" rowspan=\"4\">\n<div>28\/10\/2025 \u00e0s 13:00<\/div>\n<\/td>\n<td colspan=\"1\" rowspan=\"4\">\n<div>Bebidas<\/div>\n<\/td>\n<td colspan=\"1\" rowspan=\"4\">\n<div>Mesa Redonda<\/div>\n<\/td>\n<td>1) Leveduras e a m\u00e1gica de fazer cerveja<\/td>\n<td>Jos\u00e9 Vitor Moreira Lima Filho<\/td>\n<\/tr>\n<tr>\n<td>2) Avan\u00e7os no desenvolvimento de variedades de uvas e nos processos fermentativo opara a produ\u00e7\u00e3o de vinho brasileiro<\/td>\n<td>Bruna Agustini<\/td>\n<\/tr>\n<tr>\n<td>3) Enologia no Brasil: Import\u00e2mcia do nordeste no mercado de vinhos<\/td>\n<td>Darlei Possamai-CEO da Vin\u00edcola Possamai<\/td>\n<\/tr>\n<tr>\n<td>Debate<\/td>\n<td><\/td>\n<\/tr>\n<tr>\n<td>28\/10\/2025 \u00e0s 15:00<\/td>\n<td>Etanol combustivel<\/td>\n<td>palestra<\/td>\n<td>Entendendo a Microbiologia para aumentar a efici\u00eancia da produ\u00e7\u00e3o de etanol e gerar novos produtos nas biorrefinarias<\/td>\n<td>Fernando Henrique Giometti<\/td>\n<\/tr>\n<tr>\n<td>28\/10\/2025 \u00e0s 16:30<\/td>\n<td>Etanol combustivel<\/td>\n<td><\/td>\n<td>Estrat\u00e9gias de melhoramento e desafios na produ\u00e7\u00e3o de etanol de segunda gera\u00e7\u00e3o<\/td>\n<td>Thiago Ollita Basso<\/td>\n<\/tr>\n<tr>\n<td>28\/10\/2025 das 16:40 as 18h30<\/td>\n<td>paresenta\u00e7\u00e3o oral de trabalhos<\/td>\n<td><\/td>\n<td>4 trabalhos selecionados<\/td>\n<td><\/td>\n<\/tr>\n<\/tbody>\n<\/table>\n","protected":false},"excerpt":{"rendered":"<p>Local Data\/Hora T\u00edtulo da Atividade Atividade T\u00edtulo da Apresenta\u00e7\u00e3o Palestrantes SALA 4 28\/10\/2025 \u00e0s 13:00 Bebidas Mesa Redonda 1) Leveduras e a m\u00e1gica de fazer cerveja Jos\u00e9 Vitor Moreira Lima Filho 2) Avan\u00e7os no desenvolvimento de variedades de uvas e nos processos fermentativo opara a produ\u00e7\u00e3o de vinho brasileiro Bruna Agustini 3) Enologia no Brasil: [&hellip;]<\/p>\n","protected":false},"author":1,"featured_media":0,"parent":0,"menu_order":0,"comment_status":"closed","ping_status":"closed","template":"","meta":[],"_links":{"self":[{"href":"https:\/\/sbmicrobiologia.org.br\/33cbm2025\/wp-json\/wp\/v2\/pages\/1030"}],"collection":[{"href":"https:\/\/sbmicrobiologia.org.br\/33cbm2025\/wp-json\/wp\/v2\/pages"}],"about":[{"href":"https:\/\/sbmicrobiologia.org.br\/33cbm2025\/wp-json\/wp\/v2\/types\/page"}],"author":[{"embeddable":true,"href":"https:\/\/sbmicrobiologia.org.br\/33cbm2025\/wp-json\/wp\/v2\/users\/1"}],"replies":[{"embeddable":true,"href":"https:\/\/sbmicrobiologia.org.br\/33cbm2025\/wp-json\/wp\/v2\/comments?post=1030"}],"version-history":[{"count":2,"href":"https:\/\/sbmicrobiologia.org.br\/33cbm2025\/wp-json\/wp\/v2\/pages\/1030\/revisions"}],"predecessor-version":[{"id":1032,"href":"https:\/\/sbmicrobiologia.org.br\/33cbm2025\/wp-json\/wp\/v2\/pages\/1030\/revisions\/1032"}],"wp:attachment":[{"href":"https:\/\/sbmicrobiologia.org.br\/33cbm2025\/wp-json\/wp\/v2\/media?parent=1030"}],"curies":[{"name":"wp","href":"https:\/\/api.w.org\/{rel}","templated":true}]}}