{"id":37,"date":"2022-04-01T11:35:42","date_gmt":"2022-04-01T14:35:42","guid":{"rendered":"https:\/\/sbmicrobiologia.org.br\/32cbm2023\/?page_id=37"},"modified":"2023-10-21T07:51:55","modified_gmt":"2023-10-21T10:51:55","slug":"programacao","status":"publish","type":"page","link":"https:\/\/sbmicrobiologia.org.br\/32cbm2023\/programacao\/","title":{"rendered":"Programa\u00e7\u00e3o"},"content":{"rendered":"\t\t<div data-elementor-type=\"wp-page\" data-elementor-id=\"37\" class=\"elementor elementor-37\">\n\t\t\t\t\t\t\t\t\t<section class=\"elementor-section elementor-top-section elementor-element elementor-element-cb6c32e elementor-section-boxed elementor-section-height-default elementor-section-height-default\" data-id=\"cb6c32e\" data-element_type=\"section\">\n\t\t\t\t\t\t<div class=\"elementor-container elementor-column-gap-default\">\n\t\t\t\t\t<div class=\"elementor-column elementor-col-100 elementor-top-column elementor-element elementor-element-bf8ad14\" data-id=\"bf8ad14\" data-element_type=\"column\" data-settings=\"{&quot;background_background&quot;:&quot;classic&quot;}\">\n\t\t\t<div class=\"elementor-widget-wrap elementor-element-populated\">\n\t\t\t\t\t\t\t\t<section class=\"elementor-section elementor-inner-section elementor-element elementor-element-f68c4e4 elementor-section-boxed elementor-section-height-default elementor-section-height-default\" data-id=\"f68c4e4\" data-element_type=\"section\">\n\t\t\t\t\t\t<div class=\"elementor-container elementor-column-gap-default\">\n\t\t\t\t\t<div class=\"elementor-column elementor-col-100 elementor-inner-column elementor-element elementor-element-d04821b\" data-id=\"d04821b\" data-element_type=\"column\">\n\t\t\t<div class=\"elementor-widget-wrap elementor-element-populated\">\n\t\t\t\t\t\t\t\t<div class=\"elementor-element elementor-element-b28efb8 elementor-widget elementor-widget-text-editor\" data-id=\"b28efb8\" data-element_type=\"widget\" data-widget_type=\"text-editor.default\">\n\t\t\t\t<div class=\"elementor-widget-container\">\n\t\t\t<style>\/*! elementor - v3.6.1 - 23-03-2022 *\/\n.elementor-widget-text-editor.elementor-drop-cap-view-stacked .elementor-drop-cap{background-color:#818a91;color:#fff}.elementor-widget-text-editor.elementor-drop-cap-view-framed .elementor-drop-cap{color:#818a91;border:3px solid;background-color:transparent}.elementor-widget-text-editor:not(.elementor-drop-cap-view-default) .elementor-drop-cap{margin-top:8px}.elementor-widget-text-editor:not(.elementor-drop-cap-view-default) .elementor-drop-cap-letter{width:1em;height:1em}.elementor-widget-text-editor .elementor-drop-cap{float:left;text-align:center;line-height:1;font-size:50px}.elementor-widget-text-editor .elementor-drop-cap-letter{display:inline-block}<\/style>\t\t\t\t<p>Informamos que a programa\u00e7\u00e3o abaixo est\u00e1 em processo de elabora\u00e7\u00e3o, portanto, sujeita a altera\u00e7\u00f5es.<\/p>\t\t\t\t\t\t<\/div>\n\t\t\t\t<\/div>\n\t\t\t\t<div class=\"elementor-element elementor-element-21f8610 elementor-tabs-alignment-center elementor-tabs-view-horizontal elementor-widget elementor-widget-tabs\" data-id=\"21f8610\" data-element_type=\"widget\" data-widget_type=\"tabs.default\">\n\t\t\t\t<div class=\"elementor-widget-container\">\n\t\t\t<style>.elementor-widget-tabs.elementor-tabs-view-vertical .elementor-tabs-wrapper{width:25%;-ms-flex-negative:0;flex-shrink:0}.elementor-widget-tabs.elementor-tabs-view-vertical .elementor-tab-desktop-title.elementor-active{border-right-style:none}.elementor-widget-tabs.elementor-tabs-view-vertical .elementor-tab-desktop-title.elementor-active:after,.elementor-widget-tabs.elementor-tabs-view-vertical .elementor-tab-desktop-title.elementor-active:before{height:999em;width:0;right:0;border-right-style:solid}.elementor-widget-tabs.elementor-tabs-view-vertical .elementor-tab-desktop-title.elementor-active:before{top:0;-webkit-transform:translateY(-100%);-ms-transform:translateY(-100%);transform:translateY(-100%)}.elementor-widget-tabs.elementor-tabs-view-vertical .elementor-tab-desktop-title.elementor-active:after{top:100%}.elementor-widget-tabs.elementor-tabs-view-horizontal .elementor-tab-desktop-title{display:table-cell}.elementor-widget-tabs.elementor-tabs-view-horizontal .elementor-tab-desktop-title.elementor-active{border-bottom-style:none}.elementor-widget-tabs.elementor-tabs-view-horizontal .elementor-tab-desktop-title.elementor-active:after,.elementor-widget-tabs.elementor-tabs-view-horizontal .elementor-tab-desktop-title.elementor-active:before{bottom:0;height:0;width:999em;border-bottom-style:solid}.elementor-widget-tabs.elementor-tabs-view-horizontal .elementor-tab-desktop-title.elementor-active:before{right:100%}.elementor-widget-tabs.elementor-tabs-view-horizontal .elementor-tab-desktop-title.elementor-active:after{left:100%}.elementor-widget-tabs .elementor-tab-content,.elementor-widget-tabs .elementor-tab-title,.elementor-widget-tabs .elementor-tab-title:after,.elementor-widget-tabs .elementor-tab-title:before,.elementor-widget-tabs .elementor-tabs-content-wrapper{border:1px #d4d4d4}.elementor-widget-tabs .elementor-tabs{text-align:left}.elementor-widget-tabs .elementor-tabs-wrapper{overflow:hidden}.elementor-widget-tabs .elementor-tab-title{cursor:pointer;outline:var(--focus-outline,none)}.elementor-widget-tabs .elementor-tab-desktop-title{position:relative;padding:20px 25px;font-weight:700;line-height:1;border:solid transparent}.elementor-widget-tabs .elementor-tab-desktop-title.elementor-active{border-color:#d4d4d4}.elementor-widget-tabs .elementor-tab-desktop-title.elementor-active:after,.elementor-widget-tabs .elementor-tab-desktop-title.elementor-active:before{display:block;content:\"\";position:absolute}.elementor-widget-tabs .elementor-tab-mobile-title{padding:10px;cursor:pointer}.elementor-widget-tabs .elementor-tab-content{padding:20px;display:none}@media (max-width:767px){.elementor-tabs .elementor-tab-content,.elementor-tabs .elementor-tab-title{border-style:solid solid none}.elementor-tabs .elementor-tabs-wrapper{display:none}.elementor-tabs .elementor-tabs-content-wrapper{border-bottom-style:solid}.elementor-tabs .elementor-tab-content{padding:10px}}@media (min-width:768px){.elementor-widget-tabs.elementor-tabs-view-vertical .elementor-tabs{display:-webkit-box;display:-ms-flexbox;display:flex}.elementor-widget-tabs.elementor-tabs-view-vertical .elementor-tabs-wrapper{-webkit-box-orient:vertical;-webkit-box-direction:normal;-ms-flex-direction:column;flex-direction:column}.elementor-widget-tabs.elementor-tabs-view-vertical .elementor-tabs-content-wrapper{-webkit-box-flex:1;-ms-flex-positive:1;flex-grow:1;border-style:solid solid solid none}.elementor-widget-tabs.elementor-tabs-view-horizontal .elementor-tab-content{border-style:none solid solid}.elementor-widget-tabs.elementor-tabs-alignment-center .elementor-tabs-wrapper,.elementor-widget-tabs.elementor-tabs-alignment-end .elementor-tabs-wrapper,.elementor-widget-tabs.elementor-tabs-alignment-stretch .elementor-tabs-wrapper{display:-webkit-box;display:-ms-flexbox;display:flex}.elementor-widget-tabs.elementor-tabs-alignment-center .elementor-tabs-wrapper{-webkit-box-pack:center;-ms-flex-pack:center;justify-content:center}.elementor-widget-tabs.elementor-tabs-alignment-end .elementor-tabs-wrapper{-webkit-box-pack:end;-ms-flex-pack:end;justify-content:flex-end}.elementor-widget-tabs.elementor-tabs-alignment-stretch.elementor-tabs-view-horizontal .elementor-tab-title{width:100%}.elementor-widget-tabs.elementor-tabs-alignment-stretch.elementor-tabs-view-vertical .elementor-tab-title{height:100%}.elementor-tabs .elementor-tab-mobile-title{display:none}}<\/style>\t\t<div class=\"elementor-tabs\">\n\t\t\t<div class=\"elementor-tabs-wrapper\" role=\"tablist\" >\n\t\t\t\t\t\t\t\t\t<div id=\"elementor-tab-title-3561\" class=\"elementor-tab-title elementor-tab-desktop-title\" aria-selected=\"true\" data-tab=\"1\" role=\"tab\" tabindex=\"0\" aria-controls=\"elementor-tab-content-3561\" aria-expanded=\"false\">Dia 18<\/div>\n\t\t\t\t\t\t\t\t\t<div id=\"elementor-tab-title-3562\" class=\"elementor-tab-title elementor-tab-desktop-title\" aria-selected=\"false\" data-tab=\"2\" role=\"tab\" tabindex=\"-1\" aria-controls=\"elementor-tab-content-3562\" aria-expanded=\"false\">Dia 19<\/div>\n\t\t\t\t\t\t\t\t\t<div id=\"elementor-tab-title-3563\" class=\"elementor-tab-title elementor-tab-desktop-title\" aria-selected=\"false\" data-tab=\"3\" role=\"tab\" tabindex=\"-1\" aria-controls=\"elementor-tab-content-3563\" aria-expanded=\"false\">Dia 20<\/div>\n\t\t\t\t\t\t\t\t\t<div id=\"elementor-tab-title-3564\" class=\"elementor-tab-title elementor-tab-desktop-title\" aria-selected=\"false\" data-tab=\"4\" role=\"tab\" tabindex=\"-1\" aria-controls=\"elementor-tab-content-3564\" aria-expanded=\"false\">Dia 21<\/div>\n\t\t\t\t\t\t\t\t\t<div id=\"elementor-tab-title-3565\" class=\"elementor-tab-title elementor-tab-desktop-title\" aria-selected=\"false\" data-tab=\"5\" role=\"tab\" tabindex=\"-1\" aria-controls=\"elementor-tab-content-3565\" aria-expanded=\"false\">Dia 22<\/div>\n\t\t\t\t\t\t\t\t\t<div id=\"elementor-tab-title-3566\" class=\"elementor-tab-title elementor-tab-desktop-title\" aria-selected=\"false\" data-tab=\"6\" role=\"tab\" tabindex=\"-1\" aria-controls=\"elementor-tab-content-3566\" aria-expanded=\"false\">Palestras T\u00e9cnicas<\/div>\n\t\t\t\t\t\t\t<\/div>\n\t\t\t<div class=\"elementor-tabs-content-wrapper\" role=\"tablist\" aria-orientation=\"vertical\">\n\t\t\t\t\t\t\t\t\t<div class=\"elementor-tab-title elementor-tab-mobile-title\" aria-selected=\"true\" data-tab=\"1\" role=\"tab\" tabindex=\"0\" aria-controls=\"elementor-tab-content-3561\" aria-expanded=\"false\">Dia 18<\/div>\n\t\t\t\t\t<div id=\"elementor-tab-content-3561\" class=\"elementor-tab-content elementor-clearfix\" data-tab=\"1\" role=\"tabpanel\" aria-labelledby=\"elementor-tab-title-3561\" tabindex=\"0\" hidden=\"false\"><p><img loading=\"lazy\" decoding=\"async\" class=\"alignnone wp-image-1427 size-full\" src=\"https:\/\/sbmicrobiologia.org.br\/32cbm2023\/wp-content\/uploads\/2023\/10\/Dia-18_10_23_AF-min-1.png\" alt=\"\" width=\"1080\" height=\"934\" srcset=\"https:\/\/sbmicrobiologia.org.br\/32cbm2023\/wp-content\/uploads\/2023\/10\/Dia-18_10_23_AF-min-1.png 1080w, https:\/\/sbmicrobiologia.org.br\/32cbm2023\/wp-content\/uploads\/2023\/10\/Dia-18_10_23_AF-min-1-300x259.png 300w, https:\/\/sbmicrobiologia.org.br\/32cbm2023\/wp-content\/uploads\/2023\/10\/Dia-18_10_23_AF-min-1-1024x886.png 1024w, https:\/\/sbmicrobiologia.org.br\/32cbm2023\/wp-content\/uploads\/2023\/10\/Dia-18_10_23_AF-min-1-768x664.png 768w\" sizes=\"auto, (max-width: 1080px) 100vw, 1080px\" \/><\/p><\/div>\n\t\t\t\t\t\t\t\t\t<div class=\"elementor-tab-title elementor-tab-mobile-title\" aria-selected=\"false\" data-tab=\"2\" role=\"tab\" tabindex=\"-1\" aria-controls=\"elementor-tab-content-3562\" aria-expanded=\"false\">Dia 19<\/div>\n\t\t\t\t\t<div id=\"elementor-tab-content-3562\" class=\"elementor-tab-content elementor-clearfix\" data-tab=\"2\" role=\"tabpanel\" aria-labelledby=\"elementor-tab-title-3562\" tabindex=\"0\" hidden=\"hidden\"><p><img loading=\"lazy\" decoding=\"async\" class=\"alignnone wp-image-1420 size-full\" src=\"https:\/\/sbmicrobiologia.org.br\/32cbm2023\/wp-content\/uploads\/2023\/10\/Dia-19_10_23_AF-min.png\" alt=\"\" width=\"1080\" height=\"2615\" srcset=\"https:\/\/sbmicrobiologia.org.br\/32cbm2023\/wp-content\/uploads\/2023\/10\/Dia-19_10_23_AF-min.png 1080w, https:\/\/sbmicrobiologia.org.br\/32cbm2023\/wp-content\/uploads\/2023\/10\/Dia-19_10_23_AF-min-124x300.png 124w, https:\/\/sbmicrobiologia.org.br\/32cbm2023\/wp-content\/uploads\/2023\/10\/Dia-19_10_23_AF-min-423x1024.png 423w, https:\/\/sbmicrobiologia.org.br\/32cbm2023\/wp-content\/uploads\/2023\/10\/Dia-19_10_23_AF-min-768x1860.png 768w, https:\/\/sbmicrobiologia.org.br\/32cbm2023\/wp-content\/uploads\/2023\/10\/Dia-19_10_23_AF-min-634x1536.png 634w, https:\/\/sbmicrobiologia.org.br\/32cbm2023\/wp-content\/uploads\/2023\/10\/Dia-19_10_23_AF-min-846x2048.png 846w\" sizes=\"auto, (max-width: 1080px) 100vw, 1080px\" \/><\/p><\/div>\n\t\t\t\t\t\t\t\t\t<div class=\"elementor-tab-title elementor-tab-mobile-title\" aria-selected=\"false\" data-tab=\"3\" role=\"tab\" tabindex=\"-1\" aria-controls=\"elementor-tab-content-3563\" aria-expanded=\"false\">Dia 20<\/div>\n\t\t\t\t\t<div id=\"elementor-tab-content-3563\" class=\"elementor-tab-content elementor-clearfix\" data-tab=\"3\" role=\"tabpanel\" aria-labelledby=\"elementor-tab-title-3563\" tabindex=\"0\" hidden=\"hidden\"><p><img loading=\"lazy\" decoding=\"async\" class=\"alignnone size-full wp-image-1444\" src=\"https:\/\/sbmicrobiologia.org.br\/32cbm2023\/wp-content\/uploads\/2023\/10\/Dia-20_10_23_AF-min-1.png\" alt=\"\" width=\"1080\" height=\"4000\" srcset=\"https:\/\/sbmicrobiologia.org.br\/32cbm2023\/wp-content\/uploads\/2023\/10\/Dia-20_10_23_AF-min-1.png 1080w, https:\/\/sbmicrobiologia.org.br\/32cbm2023\/wp-content\/uploads\/2023\/10\/Dia-20_10_23_AF-min-1-81x300.png 81w, https:\/\/sbmicrobiologia.org.br\/32cbm2023\/wp-content\/uploads\/2023\/10\/Dia-20_10_23_AF-min-1-768x2844.png 768w, https:\/\/sbmicrobiologia.org.br\/32cbm2023\/wp-content\/uploads\/2023\/10\/Dia-20_10_23_AF-min-1-415x1536.png 415w, https:\/\/sbmicrobiologia.org.br\/32cbm2023\/wp-content\/uploads\/2023\/10\/Dia-20_10_23_AF-min-1-553x2048.png 553w\" sizes=\"auto, (max-width: 1080px) 100vw, 1080px\" \/><\/p><\/div>\n\t\t\t\t\t\t\t\t\t<div class=\"elementor-tab-title elementor-tab-mobile-title\" aria-selected=\"false\" data-tab=\"4\" role=\"tab\" tabindex=\"-1\" aria-controls=\"elementor-tab-content-3564\" aria-expanded=\"false\">Dia 21<\/div>\n\t\t\t\t\t<div id=\"elementor-tab-content-3564\" class=\"elementor-tab-content elementor-clearfix\" data-tab=\"4\" role=\"tabpanel\" aria-labelledby=\"elementor-tab-title-3564\" tabindex=\"0\" hidden=\"hidden\"><p><img loading=\"lazy\" decoding=\"async\" class=\"alignnone size-full wp-image-1448\" src=\"https:\/\/sbmicrobiologia.org.br\/32cbm2023\/wp-content\/uploads\/2023\/10\/Dia-21_10_23_AF-min-4.png\" alt=\"\" width=\"1080\" height=\"3763\" srcset=\"https:\/\/sbmicrobiologia.org.br\/32cbm2023\/wp-content\/uploads\/2023\/10\/Dia-21_10_23_AF-min-4.png 1080w, https:\/\/sbmicrobiologia.org.br\/32cbm2023\/wp-content\/uploads\/2023\/10\/Dia-21_10_23_AF-min-4-86x300.png 86w, https:\/\/sbmicrobiologia.org.br\/32cbm2023\/wp-content\/uploads\/2023\/10\/Dia-21_10_23_AF-min-4-294x1024.png 294w, https:\/\/sbmicrobiologia.org.br\/32cbm2023\/wp-content\/uploads\/2023\/10\/Dia-21_10_23_AF-min-4-768x2676.png 768w, https:\/\/sbmicrobiologia.org.br\/32cbm2023\/wp-content\/uploads\/2023\/10\/Dia-21_10_23_AF-min-4-441x1536.png 441w, https:\/\/sbmicrobiologia.org.br\/32cbm2023\/wp-content\/uploads\/2023\/10\/Dia-21_10_23_AF-min-4-588x2048.png 588w\" sizes=\"auto, (max-width: 1080px) 100vw, 1080px\" \/><\/p><\/div>\n\t\t\t\t\t\t\t\t\t<div class=\"elementor-tab-title elementor-tab-mobile-title\" aria-selected=\"false\" data-tab=\"5\" role=\"tab\" tabindex=\"-1\" aria-controls=\"elementor-tab-content-3565\" aria-expanded=\"false\">Dia 22<\/div>\n\t\t\t\t\t<div id=\"elementor-tab-content-3565\" class=\"elementor-tab-content elementor-clearfix\" data-tab=\"5\" role=\"tabpanel\" aria-labelledby=\"elementor-tab-title-3565\" tabindex=\"0\" hidden=\"hidden\"><p><img loading=\"lazy\" decoding=\"async\" class=\"alignnone size-full wp-image-1449\" src=\"https:\/\/sbmicrobiologia.org.br\/32cbm2023\/wp-content\/uploads\/2023\/10\/Dia-22_10_23_AF-min-3.png\" alt=\"\" width=\"1080\" height=\"3524\" srcset=\"https:\/\/sbmicrobiologia.org.br\/32cbm2023\/wp-content\/uploads\/2023\/10\/Dia-22_10_23_AF-min-3.png 1080w, https:\/\/sbmicrobiologia.org.br\/32cbm2023\/wp-content\/uploads\/2023\/10\/Dia-22_10_23_AF-min-3-92x300.png 92w, https:\/\/sbmicrobiologia.org.br\/32cbm2023\/wp-content\/uploads\/2023\/10\/Dia-22_10_23_AF-min-3-314x1024.png 314w, https:\/\/sbmicrobiologia.org.br\/32cbm2023\/wp-content\/uploads\/2023\/10\/Dia-22_10_23_AF-min-3-768x2506.png 768w, https:\/\/sbmicrobiologia.org.br\/32cbm2023\/wp-content\/uploads\/2023\/10\/Dia-22_10_23_AF-min-3-471x1536.png 471w, https:\/\/sbmicrobiologia.org.br\/32cbm2023\/wp-content\/uploads\/2023\/10\/Dia-22_10_23_AF-min-3-628x2048.png 628w\" sizes=\"auto, (max-width: 1080px) 100vw, 1080px\" \/><\/p><\/div>\n\t\t\t\t\t\t\t\t\t<div class=\"elementor-tab-title elementor-tab-mobile-title\" aria-selected=\"false\" data-tab=\"6\" role=\"tab\" tabindex=\"-1\" aria-controls=\"elementor-tab-content-3566\" aria-expanded=\"false\">Palestras T\u00e9cnicas<\/div>\n\t\t\t\t\t<div id=\"elementor-tab-content-3566\" class=\"elementor-tab-content elementor-clearfix\" data-tab=\"6\" role=\"tabpanel\" aria-labelledby=\"elementor-tab-title-3566\" tabindex=\"0\" hidden=\"hidden\"><p><img loading=\"lazy\" decoding=\"async\" class=\"alignnone wp-image-1408 size-full\" src=\"https:\/\/sbmicrobiologia.org.br\/32cbm2023\/wp-content\/uploads\/2023\/10\/Palestras-Tecnicas-min-1.png\" alt=\"\" width=\"1080\" height=\"500\" srcset=\"https:\/\/sbmicrobiologia.org.br\/32cbm2023\/wp-content\/uploads\/2023\/10\/Palestras-Tecnicas-min-1.png 1080w, https:\/\/sbmicrobiologia.org.br\/32cbm2023\/wp-content\/uploads\/2023\/10\/Palestras-Tecnicas-min-1-300x139.png 300w, https:\/\/sbmicrobiologia.org.br\/32cbm2023\/wp-content\/uploads\/2023\/10\/Palestras-Tecnicas-min-1-1024x474.png 1024w, https:\/\/sbmicrobiologia.org.br\/32cbm2023\/wp-content\/uploads\/2023\/10\/Palestras-Tecnicas-min-1-768x356.png 768w\" sizes=\"auto, (max-width: 1080px) 100vw, 1080px\" \/><\/p><\/div>\n\t\t\t\t\t\t\t<\/div>\n\t\t<\/div>\n\t\t\t\t<\/div>\n\t\t\t\t<\/div>\n\t\t\t\t\t<\/div>\n\t\t<\/div>\n\t\t\t\t\t\t\t<\/div>\n\t\t<\/section>\n\t\t\t\t\t<\/div>\n\t\t<\/div>\n\t\t\t\t\t\t\t<\/div>\n\t\t<\/section>\n\t\t\t\t\t\t\t<\/div>\n\t\t","protected":false},"excerpt":{"rendered":"<p>Informamos que a programa\u00e7\u00e3o abaixo est\u00e1 em processo de elabora\u00e7\u00e3o, portanto, sujeita a altera\u00e7\u00f5es. Dia 18 Dia 19 Dia 20 Dia 21 Dia 22 Palestras T\u00e9cnicas Dia 18 Dia 19 Dia 20 Dia 21 Dia 22 Palestras T\u00e9cnicas<\/p>\n","protected":false},"author":1,"featured_media":0,"parent":0,"menu_order":0,"comment_status":"closed","ping_status":"closed","template":"elementor_theme","meta":{"footnotes":""},"class_list":["post-37","page","type-page","status-publish","hentry"],"_links":{"self":[{"href":"https:\/\/sbmicrobiologia.org.br\/32cbm2023\/wp-json\/wp\/v2\/pages\/37","targetHints":{"allow":["GET"]}}],"collection":[{"href":"https:\/\/sbmicrobiologia.org.br\/32cbm2023\/wp-json\/wp\/v2\/pages"}],"about":[{"href":"https:\/\/sbmicrobiologia.org.br\/32cbm2023\/wp-json\/wp\/v2\/types\/page"}],"author":[{"embeddable":true,"href":"https:\/\/sbmicrobiologia.org.br\/32cbm2023\/wp-json\/wp\/v2\/users\/1"}],"replies":[{"embeddable":true,"href":"https:\/\/sbmicrobiologia.org.br\/32cbm2023\/wp-json\/wp\/v2\/comments?post=37"}],"version-history":[{"count":95,"href":"https:\/\/sbmicrobiologia.org.br\/32cbm2023\/wp-json\/wp\/v2\/pages\/37\/revisions"}],"predecessor-version":[{"id":1452,"href":"https:\/\/sbmicrobiologia.org.br\/32cbm2023\/wp-json\/wp\/v2\/pages\/37\/revisions\/1452"}],"wp:attachment":[{"href":"https:\/\/sbmicrobiologia.org.br\/32cbm2023\/wp-json\/wp\/v2\/media?parent=37"}],"curies":[{"name":"wp","href":"https:\/\/api.w.org\/{rel}","templated":true}]}}